/(-6)).
8
Calculate the remainder when 25 is divided by (-74)/(-8) + (-8)/32.
7
Calculate the remainder when 16 is divided by -2*(-2)/(0 + 8/20).
6
Suppose 7*d = 2*d - 275. What is the remainder when 42 is divided by 6/33 - 1200/d?
20
Let p(y) = -12*y + 1. Suppose -5*q - 1 = -s - s, -11 = 4*s + 3*q. What is the remainder when p(s) is divided by (9/1)/(4 - 3)?
7
Suppose -37 = 3*l + 2*f, -16 = -l - 0*l + 5*f. Let h(r) = r**2 + 7*r - 16. What is the remainder when h(l) is divided by 2?
0
Suppose 2*q + 2*v + 0*v = 0, -2*q + 3*v = -20. What is the remainder when q is divided by ((-1)/(1 + -2) - -2)/1?
1
Let k(p) = -p**2 + 8*p - 2. What is the remainder when k(4) is divided by 3?
2
Suppose -2*o = -5*o + 33. Suppose -a = 2*x + 2*x - 1, -x + 2*a = o. Let d = 45 - x. What is the remainder when d is divided by 16?
14
Suppose 4*b + 5*t = -45, 2*b + 2*t = 4*b. Let r = b - -19. Calculate the remainder when 40 is divided by r.
12
Let i = 48 - 13. Let u be (-2)/7 - (-80)/i. Suppose u*r = r + 12. What is the remainder when r is divided by 7?
5
Suppose -4*u + 26 = -3*d, -3*u - 4*d = -u - 2. What is the remainder when 9 is divided by u?
4
Let f = 8 + 7. Let q = 25 - -4. What is the remainder when q is divided by f?
14
Let p = -18 - -23. Suppose -p*d + 2*d = -51. What is the remainder when 33 is divided by d?
16
Let i(n) = 17*n - 28. Calculate the remainder when i(4) is divided by 21.
19
Suppose -3*d - 2*o = -112 - 18, 55 = 2*d - 5*o. Suppose -y = -4*y - s + 30, -4*y + s = -d. What is the remainder when 1/((-1)/(-19) - 0) is divided by y?
9
Let f(o) = -2*o + 4. Let c be f(-6). Let d = c - 9. What is the remainder when 25 is divided by d?
4
Suppose -2*w - 2 = 0, -2*g - w + 31 = -2*w. What is the remainder when g is divided by 4?
3
Let n = 23 + 38. Calculate the remainder when n is divided by 16.
13
Let y = -9 - -26. What is the remainder when y is divided by 9?
8
Let m(p) = -3*p - 2. Suppose 0 = -5*g - 0*s - 4*s + 15, 0 = 3*g - 2*s - 9. What is the remainder when m(-2) is divided by g?
1
Suppose 2 = -4*t + 278. Let h(u) = 2*u**3 + u. Calculate the remainder when t is divided by h(2).
15
Suppose 0 = -2*c - 2*c + 124. What is the remainder when c is divided by 17?
14
Suppose -2 = -2*k + 24. Let o = k + -11. Suppose 4*w - 2*b - 1 = -5, 0 = -5*w + 3*b - 7. Calculate the remainder when o is divided by w.
0
What is the remainder when 102 is divided by 2 + -22*2/(-4)?
11
Suppose -2*x + 54 = 5*c, 0 = -c - 0*c + 2*x + 6. Calculate the remainder when 38 is divided by c.
8
Calculate the remainder when 34 is divided by ((-27)/18)/(1/(-12)).
16
Let u(h) = h**2 + 26*h - 29. Calculate the remainder when u(-29) is divided by 30.
28
Suppose -89 = -4*g + 67. Suppose 117 = 5*x - 4*s, 4*s + s - 90 = -5*x. What is the remainder when g is divided by x?
18
Suppose 5*s - 31 = -c, 2*c - 2*s = 7*c - 86. Calculate the remainder when 76 is divided by c.
12
Let o(q) = 2*q - 3. Let f = -9 + 14. Calculate the remainder when o(f) is divided by (-8)/12 + 16/6.
1
Let v = -8 + -2. Let t be 4/3 + v/(-15). Suppose 0 = -t*g - 5*n + 26, -n = 2*g + g - 13. What is the remainder when 8 is divided by g?
2
Let n = 104 - 72. What is the remainder when 63 is divided by n?
31
Suppose -3*x - 3*q + 20 = -2*x, 2*x - 45 = -q. What is the remainder when x is divided by 12?
11
Let r(t) = -t**3 + 7*t**2 - 5*t - 3. Let n be r(5). Suppose 34 = 3*m + s - n, -16 = 4*s. What is the remainder when m is divided by 11?
9
Let p(a) = 9*a**3 + a - 1. Suppose -j = -2 + 1. What is the remainder when 17 is divided by p(j)?
8
Let p(d) = d**2 + 5*d + 11. Calculate the remainder when p(-6) is divided by 6.
5
Let t be (0 - 3/9)*-9. Let h(o) = o. Let r be h(t). What is the remainder when 35 is divided by (r/(-2))/((-4)/24)?
8
Let f = 0 - 0. Suppose -2*z + 6*z - 56 = f. What is the remainder when z is divided by 8?
6
Suppose 39*c = 44*c - 175. What is the remainder when c is divided by 18?
17
Let r = -161 + 264. Calculate the remainder when r is divided by 21.
19
Let l(v) = 3*v**2 + v - 2. Let j be -1 + 1/2*-2. What is the remainder when l(j) is divided by 5?
3
Suppose 20 = 4*o - 3*c + 6*c, 0 = 3*o + 2*c - 14. Suppose o*w - 27 = -5*v, -w = -0*w + 5*v - 21. Let s = 17 - w. What is the remainder when 19 is divided by s?
8
Calculate the remainder when 73 is divided by (-4)/18 - (-1135)/45.
23
Suppose 46 + 76 = 5*p - 3*u, -5*p + 5*u + 120 = 0. Let y = 33 + -19. Calculate the remainder when p is divided by y.
11
Suppose 0*r - 4*r - 5*y = -88, 2*y = -8. What is the remainder when 107 is divided by r?
26
Suppose 2*k = 4*z - 60, -2*z - 3*k + 75 = 3*z. Let p = 62 + -33. What is the remainder when p is divided by z?
14
Suppose -4*q - 30 = 3*z, -2*z = 2*z - q + 21. Calculate the remainder when 28 is divided by (-58)/z - 6/(-18).
8
Suppose -5*x + 80 - 5 = 0. Let k be (-2)/((-6)/x + 0). Suppose 0*u = -5*z + k*u + 95, 4*z + 5*u = 121. Calculate the remainder when z is divided by 13.
11
Suppose 2*p - s = 53, -p = -4*s - 48 + 11. Calculate the remainder when 72 is divided by p.
22
Suppose -12*r = -8*r - 48. What is the remainder when 34 is divided by r?
10
Let a = -18 + 10. Calculate the remainder when a/12*(1 + -58) is divided by 20.
18
What is the remainder when (-1 + ((-5)/(-20) - -2))*12 is divided by 6?
3
Suppose 0 = -5*v + 4*g - 11, 0*v + 7 = -4*v + 5*g. What is the remainder when (1 + 2)/(v/(-38)) is divided by 13?
12
Calculate the remainder when -7 + 399/14 + 1/2 is divided by 12.
10
Suppose -3*x + 0*x + 72 = 0. Let p be (-7 - 0)/(1/2). Let c = p + x. What is the remainder when 19 is divided by c?
9
Let h = -43 + 71. Calculate the remainder when 81 is divided by h.
25
Suppose -4*o = 4*t - 76 - 36, 3*o - 4*t = 49. Suppose 3*k - k = 10. Suppose 3*j = -6 - 3, -3*i - k*j + 9 = 0. What is the remainder when o is divided by i?
7
Let i be 14/(-21)*306/(-2). Suppose 6*p = -0*p + i. Calculate the remainder when p is divided by 9.
8
Suppose -4*y + 1 = -19. What is the remainder when 9 is divided by y?
4
Let c(k) = -k**3 + 7*k**2 + 8*k + 4. Let g be c(8). Suppose 3*m - 7*m + 116 = 0. What is the remainder when m is divided by (-1)/(-2) - (-58)/g?
14
Let l(f) = -4*f - 16. What is the remainder when l(-14) is divided by 14?
12
Suppose 0 = 2*c - 7*c + 25. Let p(u) = u**2 - u + 6. What is the remainder when p(c) is divided by 14?
12
Let x(n) = 2*n**2 - 7*n + 4. Let r = 13 + -4. What is the remainder when x(6) is divided by r?
7
Let o = -25 - -46. Let c = o + 22. What is the remainder when c is divided by 22?
21
Suppose 4*l - 316 = -f - f, -f + 2*l = -178. Let r = f - 71. What is the remainder when r is divided by 25?
22
Let l(w) = -w + 1. Let u(p) = -6*p + 6. Let t(g) = 5*l(g) - u(g). What is the remainder when 17 is divided by t(6)?
2
Let f = -31 - -51. Suppose 0 = -2*z - u - u + 36, 5*u = 5*z - 120. Suppose 0 = -3*q - 0*q + z. What is the remainder when f is divided by q?
6
Let t be -2*(4 + 549/(-6)). Suppose 3*x - t = -2*x. Suppose 0*i + i - 9 = 0. What is the remainder when x is divided by i?
8
Suppose 2*i - 4*w = 3*i - 18, 21 = 2*i + 3*w. What is the remainder when ((-14)/3)/((-4)/12) is divided by i?
2
Suppose 10*u + 67 = 207. Calculate the remainder when u is divided by 4.
2
Suppose -7 = -d + 3. Suppose -d + 137 = 3*a + 4*v, 0 = -5*v + 5. Suppose -3*s + a = 11. What is the remainder when 18 is divided by s?
8
Let m = 60 + -10. What is the remainder when m is divided by 13?
11
Suppose -2*y - 20 = -0*w + w, 10 = -y - 4*w. What is the remainder when (-266)/(-21) - (-2)/6 is divided by -2*4/(16/y)?
3
Suppose 2*z + i - 10 = 0, -2*z = -i - 4 - 2. What is the remainder when 13 is divided by z?
1
Let x = 1 - -12. Suppose 0 = -3*b + 3*t + 15, -4*b - 2*t + 13 = -x. What is the remainder when 2 + (-1 + -13)*-1 is divided by b?
4
Let j be (2/(-2))/((-7)/(-14)). Let y be 6/((-9)/j - 3). Let q = 0 + y. Calculate the remainder when q is divided by 3.
1
Let l(u) = -49*u**3. Let t = -270 + 287. Calculate the remainder when l(-1) is divided by t.
15
Let y(v) = -3*v**3 - 6*v**2 - 4*v - 6. What is the remainder when y(-4) is divided by 27?
25
Let t(k) = -3*k + 1. Let a be t(-1). Suppose y - a*y + 9 = 0. What is the remainder when 4/(60/(-42) + 2) is divided by y?
1
Let z be 11/(-2) - 2/(-4). Let m = z + 20. Suppose 2*d - 12 = -4*l, -l + 3*d + 2 + m = 0. Calculate t